(o) be the first derivative of u(o). Determine j(3).
6
Let m(h) = 3*h + 8*h + 12*h - 31*h + 1 + 9*h. Give m(-2).
-1
Let l be (1 - (-2 - -3))/2. Let t = 0 - l. Let h(b) = 2 - 1 + t*b**2 + 0*b**2 - 11*b**3. What is h(-1)?
12
Let q(u) be the first derivative of 1/2*u**2 + 8/3*u**3 - 3 + 5*u + 1/4*u**4. What is q(-8)?
-3
Let w(i) = i**3 - 6*i**2 + 3*i - 4. Let l(b) = -b**3 + 7*b**2 - 4*b + 4. Let c(r) = 3*l(r) + 4*w(r). Let h = -83 + 95. Let m be (-5 + 84/16)*h. Calculate c(m).
-4
Let z(h) = h**2 + 4 + 12 - 4*h**2 + 1 + 4*h**2 + 8*h. Give z(-6).
5
Suppose 0 = -4*d - 2*v - 28, 3*d = -13*v + 9*v - 26. Let j(i) = -i**3 - 7*i**2 - 8*i + 5. What is j(d)?
17
Let j(b) = b**3 - 14*b**2 - 17*b + 2. Let m = -1054 + 1069. Calculate j(m).
-28
Let t = 21 - 6. Suppose b + t = -2*b. Let p(x) be the first derivative of x**2/2 + x - 1. Give p(b).
-4
Let g(l) = -5*l**2 + 6*l - 19. Let b(j) = 4*j**2 - 5*j + 16. Let t(w) = 6*b(w) + 5*g(w). Let z = -5 - -9. Suppose -3*f = -z*x - 3, 3*f = -x - f + 23. Give t(x).
-8
Let t be 4/(-10) + (-159)/15. Let l(i) = -i**3 - 11*i**2 - 2*i - 10. Let m be l(t). Let d(a) = 14 - 2*a - m - a**2 - a. What is d(-3)?
2
Let i(h) be the second derivative of h**7/840 + h**6/60 - h**5/120 + h**4/6 - 2*h**3/3 + 8*h. Let t(q) be the second derivative of i(q). Calculate t(-6).
10
Let n(w) = -6*w + 3. Let t(h) = 23*h - 13. Let y(f) = 9*n(f) + 2*t(f). Let u be 1/(10/(-6))*120/(-12). Suppose 11 = u*s + 5. Give y(s).
-7
Let m(x) = x**2 + 9*x + 6. Let r be (-5)/10*42/3. Determine m(r).
-8
Let o(i) be the first derivative of -i**5/60 - i**4/4 - 7*i**3/6 - 3*i**2 + 11. Let g(d) be the second derivative of o(d). What is g(-6)?
-7
Suppose 0 = -3*h - 5*a - 1, -5*h = -4*a + 3*a - 17. Suppose h = 3*r - 6. Let q(c) = -c**3 + 7*c**r + 0*c**3 + 2*c**3. Calculate q(-1).
-8
Suppose 2*d - 5*x - 9 = d, -3*d = 4*x - 8. Suppose 0 = -4*k - d - 20. Let n(h) = h**3 + 5*h**2 - 7*h - 7. Determine n(k).
-1
Let z(p) = p**2 + p - 14. Let b = -218 - -218. Calculate z(b).
-14
Let b = -72 - -75. Let r(t) = -2 + 12*t + t**2 - 7*t - b*t. Let g = -4 - -1. Determine r(g).
1
Suppose -3*z + 10 = 1. Let i(x) = -x - 7. Let c be i(-10). Let t(a) = c - 5 - 2 + a**2 + 1. Calculate t(z).
6
Let y(j) be the first derivative of -j**4/2 + 2*j**3/3 + 4*j + 5. What is y(2)?
-4
Let m(v) = v - 1. Let z(n) = -n**3 - 7*n + 24. Let g(t) = -6*m(t) - z(t). Calculate g(0).
-18
Let f(n) = n**3 + 8*n**2 + 16*n + 124. Let w be f(-8). Let c(t) = t**3 + 4*t**2 + 3*t - 8. What is c(w)?
-20
Let p = 201 - 221. Suppose 0*x - 3*x = 75. Let u = p - x. Let t(l) = l**2 - 6*l + 2. Calculate t(u).
-3
Let c(d) be the first derivative of 1/2*d**2 + 2*d + 1/6*d**3 + 1/12*d**4 - 11. Let f(p) be the first derivative of c(p). What is f(-1)?
1
Let p(d) be the third derivative of d**5/60 + d**4/24 - 19*d**2 - 6. Give p(-2).
2
Let b be (-8)/(-6) - 5/15. Suppose -4*s = -5*s - b. Let h be (-4)/s + (-3)/(-1). Let t(w) = 2*w - 8. What is t(h)?
6
Let p(j) = 3*j - 13. Let s(c) = -10*c + 37. Let t(a) = -17*p(a) - 6*s(a). Give t(2).
17
Let f(q) = -q**2 + 9*q + 11. Suppose 4*k - 15 = y + 27, -5*y = k. What is f(k)?
1
Let k(q) be the second derivative of q**4/6 - 4*q**3/3 + 5*q**2/2 + 18*q. What is k(6)?
29
Let c(d) = -15*d - 1. Let f(r) = 3*r - 17. Let s be f(7). Suppose -x - 5*k = 2*x - 22, -20 = -s*k. Determine c(x).
14
Let f be (-2)/((18/(-21))/(-3)*-1). Suppose -8*y + f*y - 3 = 0. Let i(w) = w**2 + 5*w + 3. Determine i(y).
-3
Let d(x) = x**2 + 6*x - 3. Let n be 12 + -1 + 2/1. Suppose -r = 18 - n. What is d(r)?
-8
Let y(q) be the third derivative of 0 - 1/24*q**4 - 18*q**2 + 1/60*q**5 + 3/2*q**3 + 0*q. Calculate y(0).
9
Let b(g) be the third derivative of 1/2*g**3 - 1/120*g**6 + 0 + 0*g - 1/12*g**4 + g**2 - 1/60*g**5. Suppose 0*f + 2*u + 10 = f, -3*f = 5*u + 14. Give b(f).
-13
Suppose 3*v = -5*i + 22 - 422, 5*v + 615 = 2*i. Let p = 128 + v. Let n(m) = -2*m**2 + 4*m - 2. Give n(p).
-8
Let d = -29 + 31. Let q(a) = 1 - 3*a + 2*a + 6*a - d*a. Determine q(-3).
-8
Let w(j) be the first derivative of -j**3/3 + 6*j**2 + 17*j + 38. Calculate w(13).
4
Let q(v) = 3*v**2 + v + 2. Suppose 6*c + 278 - 272 = 0. Give q(c).
4
Let n(w) be the third derivative of w**8/20160 + 11*w**6/720 - w**5/15 - 7*w**3/6 + w**2 + 5*w. Let u(q) be the third derivative of n(q). What is u(0)?
11
Let q = 3694 + -3689. Let m(j) = -7*j**3 + 14*j**2 - 9*j - 7. Let u(p) = 3*p**3 - 7*p**2 + 5*p + 3. Let z(k) = 2*m(k) + 5*u(k). Calculate z(q).
-14
Let z(k) = -2*k + 9. Let t(u) = 6*u - 5. Let w be t(2). Determine z(w).
-5
Let x be (-4*(-5)/10)/((-2)/6). Let y(d) = -8*d - 42. Let u be y(x). Let b(h) = -h**2 + 6*h - 9. What is b(u)?
-9
Suppose 5*x - 1 - 14 = 0. Let z be (-40)/15*x/(-2). Suppose l = -1, 3*q + z*l = 2*l - 17. Let n(d) = d**3 + 5*d**2 - 3*d - 4. Calculate n(q).
11
Let a(n) = n**2 + 6*n + 1. Suppose 11 = -j + 35. Suppose -6*s = -10*s - j. Calculate a(s).
1
Let q(i) = i - 2. Suppose 19*c - 14 = -109. Calculate q(c).
-7
Let p(m) = -2*m. Suppose 36 = 10*r - 4. What is p(r)?
-8
Let g be (-4)/(-14) - 26/(-7). Let x(w) = w**2 - 6*w + 7. Let c be x(g). Let i(o) = -4*o**2 - 9*o**3 - 3*o**2 + 2*o**3 + 8*o**2. Calculate i(c).
8
Let o(y) = -y**2 + 3*y - 2. Let c(l) = l**2 - 2*l + 3. Let i(h) = 2*c(h) + 3*o(h). Let b = 2 + 3. What is i(b)?
0
Let x(k) = k**3 - 5*k**2 - 4*k - 6. Let p be x(6). Let l(b) be the first derivative of b**3/3 - 3*b**2 + 4*b - 17. Calculate l(p).
4
Suppose -d = 2*d. Suppose -5*n + 4*j - 11 = d, 0*n = -4*n + j. Let b(a) = 6*a + 1. Calculate b(n).
7
Let p(m) = -5*m + 1. Let g(f) = 5*f - 2. Let l(w) = 5*g(w) + 6*p(w). Suppose -2*z + 0*z = -10. Let u(a) = 4*a + 3. Let i(r) = z*l(r) + 6*u(r). What is i(-6)?
4
Let s(r) = -r**3 - 4*r**2 + 6*r - 8. Let p(x) = -x**3 - 16*x**2 - 16*x - 21. Let a be p(-15). What is s(a)?
28
Let t(j) = j - 4. Let q be (-3)/(-6)*(15 - 1). Suppose 2*c - q = c. Suppose 0 = 2*m + 5*a - c, 3*a + 3 = -3*m - 0*m. What is t(m)?
-8
Let o(g) = g**2 + 7*g - 22. Let z be o(-7). Let h be (-1)/2 + (-11)/z. Let w(n) = n - 2. Determine w(h).
-2
Suppose -38*g - 78 = 454. Let i(o) = 4*o + 35. What is i(g)?
-21
Let y be (2/4*0)/(29 - 27). Let f(n) = n**2 - n + 40. Calculate f(y).
40
Let p = -94 + 91. Let w(z) = -z. Calculate w(p).
3
Let l(p) = p. Let z(o) = o**3 + 4*o**2 + o + 4. Suppose 4 = w + 1. Suppose 0 = 4*f - f - w. Let i(r) = f*z(r) + 4*l(r). Give i(-4).
-16
Let s = 5 - 7. Let d(p) = 3*p**3 + 7*p**2 + 2*p + 2. Let h(x) = -16*x**3 - 36*x**2 - 9*x - 10. Let t(l) = 11*d(l) + 2*h(l). Give t(s).
6
Let g(h) = -2 - 361*h + 167*h + 176*h. Calculate g(-2).
34
Let t(c) = -2*c**2 - 7*c + 3*c**2 - 4*c - 5 + 10*c. Suppose 5*v + n = -4, 0 = -0*n + 3*n + 12. Determine t(v).
-5
Let s(y) = 1 - 3 - y**3 + 0*y**2 + 0*y**2 - 2*y + 4*y**2 - 10*y**2. Determine s(-6).
10
Let c be (2/10)/((-17)/(-51))*5. Let j(h) = -h**3 + 4*h**2 - 5*h + 7. Calculate j(c).
1
Let g(f) = 5*f - 17. Let o(s) = s - 4. Let j(y) = 2*g(y) - 9*o(y). Let u be (10/15)/((-1)/(-6)). Suppose -3*k - 31 = -4*x, -x + 40 = 4*x - u*k. Determine j(x).
6
Let m(g) = -g**3 + g**2 + g + 9. Let x = -95 - -97. Let p be (3 - (1 + x))*-1. Determine m(p).
9
Let g(y) = y**2 - 8*y - 6. Let a = 1541 - 1533. Calculate g(a).
-6
Suppose -3*b + 3*z = 66, -5*b + 2*z = 44 + 54. Let r be (-64)/b + 8/18. Let o(p) = 3*p - 2. Calculate o(r).
10
Let m(w) be the third derivative of -w**4/6 + w**3/3 - 35*w**2. Determine m(-2).
10
Let w(p) = -6 - p**2 - 2 - 16*p + 5*p. Give w(-12).
-20
Let o(u) be the first derivative of -5*u**2/2 - 5*u - 576. What is o(5)?
-30
Let z(j) = -j**2 - 11. Let r(p) = -14*p - 84. Let f be r(-6). Give z(f).
-11
Let b(v) be the second derivative of v**5/20 + v**4 + 13*v**3/6 + 15*v**2/2 - 21*v. Suppose -4*s + 2*h - 29 - 17 = 0, 0 = -h + 1. Determine b(s).
-7
Let a(r) be the second derivative of r**3/2 + 2*r**2 + 845*r. Suppose 5*y - 1 = -16. What is a(y)?
-5
Suppose -7*w + 3*w = 0. Suppose -5*o - 3*g + g - 22 = w, 0 = g + 1. Let b(j) = 6*j**2 + 8*j - 5. Let c(q) = -q**2 - q. Let d(h) = -b(h) - 5*c(h). What is d(o)?
1
Suppose 16 = 5*t - t. Suppose j - 3*p + 6 = 0, 0 = -j + t*p - 9*p + 10. Let m(q) = 15 + 12*q**2 - q - 12*q**2 - q**3. What is m(j)?
15
Let n(k) = 2*k**2 - 5*k - 2. Let q be (-12)/(-9)*-9*(-20)/48. What is n(q)?
23
Let x(r) = 6*r - 92. Let f(h) = -5*h + 80. Let l(y) = -7*f(y) - 6*x(y)